27) - 3
8
What is 9 + (40 - 22) - 42?
-15
What is 23 + -27 - 4 - (16 - 2)?
-22
What is 3 + -13 + 6 + 3 + -8?
-9
Evaluate (-4 - 1 - (-15 + (17 - 8))) + -3.
-2
Calculate 38 + (-137 - -86) + 48 + 0.
35
What is -18 + -1 + (2 - -3) + 3 - -3?
-8
Evaluate (4 - 5) + 3 + 1 - -12.
15
Evaluate -2 - (-16 + (-35 - -58)).
-9
Calculate -7 - (46 + -41 + -55 - (-8 - -1)).
36
Evaluate -14 + 40 + -19 + (6 - 12).
1
Calculate 9 + 1 + (44 - 49).
5
Evaluate -2 + (31 - (22 - 6)).
13
(-27 - -10 - -39) + -3
19
What is the value of 38 - 15 - 27 - (1 + -6)?
1
What is (-3 - -2) + -35 + 114 + -99?
-21
10 + 16 + (13 - 12)
27
What is the value of -2 + (-1 - 1) - (-453 - -451)?
-2
What is the value of (1 - -5) + 7 + (9 - 9)?
13
What is -8 + 0 + -14 + 74 + -45?
7
-23 + (6 - 5) - 14
-36
Evaluate -10 - (-1 + -32 + 14).
9
Evaluate (-2 - (5 + 1)) + (16 - -6).
14
Evaluate 1 + (0 - (-4 - 4 - (-5 - -2))).
6
What is (-17 - -26) + -21 + 12?
0
What is -3 + (-4 + 1 - 3 - 4)?
-13
Calculate -16 - -4 - (-2 - 8 - -11).
-13
Evaluate (-17 - -12) + 11 + 0 - 1.
5
What is 1 + 1 + -37 + 28 - -20?
13
What is the value of 6 + 0 + (387 - 395) + (0 - 1)?
-3
(3 - 2 - (-6 - -7)) + (-12 - -5)
-7
What is the value of (11 - 11) + 2 - ((-2 - -1) + -5)?
8
(-6 + (-10 - -17) - 13) + 0
-12
What is the value of -2 + 3 + 8 + (-14 - -17 - 14)?
-2
What is -13 - ((14 - -21) + -5 - 13)?
-30
Evaluate (3 - (10 - (9 + -15))) + 7.
-6
What is -16 + (0 - -2 - -2 - -5)?
-7
What is -13 - -2 - (-8 - (6 + 6))?
9
Calculate -27 - (-14 - -8 - (1 + 2)).
-18
Calculate (0 - -4) + 1 - (33 + -20 + -14).
6
What is the value of -13 + (3 + -13 - (14 - 16))?
-21
Calculate -21 - -2 - (6 - 14).
-11
What is -5 + -2 + (0 - 2) - -20?
11
Calculate -6 - (-23 + 12) - (16 + -1).
-10
Calculate -15 - (13 + -35 + 0).
7
-13 + 9 - ((-6 - -10) + -13)
5
Evaluate 21 + -12 + -3 + 19 + -10.
15
What is the value of -23 + 26 - (5 - -2)?
-4
What is -5 + (4 - -1 - (-11 + 12 - -4))?
-5
-22 + 42 + -18 - -6
8
What is -18 + (-9 - -34) + -4?
3
What is 4 + (-3 - (4 - 1)) - (8 + 1)?
-11
What is the value of -32 - (-6 + (2 - (6 + 1)))?
-21
What is the value of 32 - -1 - (4 - (-31 + 21))?
19
Calculate 103 + -146 - (8 + -6 + -20).
-25
Calculate 10 + (-5 - (-2 - (2 + 2))).
11
Calculate (-52 - -5) + -7 + 33.
-21
Evaluate -40 - ((-7 - 43) + -12).
22
What is -7 + (-16 - -28) + (3 - 2 - -1)?
7
What is -1 + (-16 + 7 - -13 - 13)?
-10
What is -17 + -2 + 9 - -13?
3
What is -214 - -218 - (6 - 1) - (1 + -2)?
0
2 - 6 - (15 + -6 + -5) - -6
-2
(-34 - (37 + -105)) + (-8 - -1)
27
Calculate -21 + 1 - -23 - -11.
14
Evaluate -4 - -20 - (2 + 2 + 1 + 2).
9
What is the value of 10 + 3 - (35 + -19)?
-3
What is the value of 9 + (29 + -4 - (-10 - -19))?
25
Calculate -11 + 10 + -4 + 8.
3
What is the value of 2 - (-4 + (-10 - -22) + -1 - 34)?
29
18 + -11 + -2 + 1 - 8
-2
What is the value of -3 + 6 + -3 + 24 + (771 - 774)?
21
(9 - 0) + 160 + -194 + 10
-15
7 - (-5 + 14 + (7 - 2) + -9)
2
Calculate -8 - (1 + (-12 - -2) + 0).
1
What is the value of (44 - 20) + (-3 - (5 - 9)) + 4?
29
What is the value of 22 + -6 + -38 + 27?
5
(-15 - (0 + 5 + -16 - -7)) + 5
-6
What is (-20 - -26 - -18) + -29?
-5
-2 + -8 + 213 + -210
-7
Calculate (2 - (14 + 2)) + 28 + -23.
-9
Evaluate -5 + -24 + 46 - 35.
-18
(12 - -6 - (-4 + -8)) + -18
12
What is -5 - (-10 - (1 + -3)) - 3?
0
What is the value of 3 + (2 - -1) + (20 - 32) - 4?
-10
31 - (22 - -11 - 14)
12
Calculate (9 - 16) + (-6 - -5).
-8
What is the value of -9 + 3 + -3 + -32 + 20?
-21
Calculate -1 + -1 + -2 + (-9 - (5 + -28)).
10
Calculate 14 + -13 + -7 + -5.
-11
Evaluate 4 - (-11 + 19 + 9 + -9).
-4
What is the value of -46 - (0 + -65) - 19?
0
Evaluate 17 + -23 + 17 - (19 + 2).
-10
Calculate (33 - 23) + -9 - -21.
22
What is -18 + -17 + 37 + -5?
-3
Calculate 0 + -1 - (-5 - (5 + -30 - -13)).
-8
What is (109 - 96) + -24 + -2?
-13
Calculate (3 - 1) + -1 - (-24 + 34).
-9
What is the value of (-37 - -40) + -2 - -14?
15
Evaluate (6 - -38) + -18 + -12 + 15.
29
(-1 + 10 - (5 - -4)) + -1
-1
What is -5 - -3 - (-35 + (74 - 13))?
-28
What is the value of -61 + 8 - -29 - -8?
-16
Evaluate (2 - 7) + 0 - 3 - -1.
-7
Calculate (-33 - (-16 + -12)) + -27.
-32
What is 26 - ((-11 - -33) + -3)?
7
What is 1 + 1 - (9 + -11 + -10)?
14
Evaluate -2 - 1 - 1 - (0 + -13 - 1).
10
36 + 6 + 17 + -81
-22
What is the value of 4 + -11 - (-18 - 2)?
13
Calculate (-1 - -15) + -237 + 231 + (3 - 10).
1
What is the value of 23 + (-13 - 6) - 13?
-9
What is -20 - (-5 - 1 - (35 + (19 - 57)))?
-17
What is -2 + -6 - ((-16 - -29) + -19)?
-2
Evaluate -3 + (-5 + (1 - (4 - 5)) - 7).
-13
What is the value of 0 - -1 - -1 - (-9 - (-18 - 5))?
-12
Calculate -18 - (-12 + 5) - (0 + -1).
-10
What is the value of 14 - (-5 + (45 - 17)) - (-2 + -24)?
17
What is the value of -4 + (-14 - -13 - -3)?
-2
Calculate -27 + (8 - (12 + -12 - 2)).
-17
What is 95 + -113 + -1 + 42?
23
Calculate (1 - (9 + -2)) + (-102 - -104).
-4
What is -359 + 344 + (19 - (-1 - -4))?
1
What is the value of (-15 - -14 - -4 - (13 - 1)) + 0?
-9
What is 4 + 6 + (-18 - (2 - 6))?
-4
What is (3 - (-4 + 6)) + 2 + 3 + -2?
4
What is the value of 6 - 5 - 23 - (-5 - (-12 - -11))?
-18
What is the value of 7 + 13 + (-18 - -3) + (-1 - -9)?
13
-10 + (-3 - (1 - 3))
-11
Evaluate (-6 - (74 - 36)) + 19.
-25
Evaluate -19 - (-3 - (1 + 0)).
-15
Calculate 1 + -3 + -4 + -6 + (-30 - -23).
-19
What is the value of -30 + (2 - (-8 - -15)) + 10?
-25
(59 - 74) + 25 + (-2 + 5 - 30)
-17
Calculate 0 - -10 - (47 + -39) - 13.
-11
-22 - (1 + -9 - (29 - 33)) - -6
-12
5 - (-15 - -23 - -12)
-15
What is the value of -1 + -13 + 6 + 2?
-6
What is (5 - (17 - 7)) + 11 - 1?
5
What is -7 - 6 - -18 - (-13 - -6)?
12
Evaluate 3 + (-13 + (17 - 1) - (2 + -1)).
5
Evaluate 4 + 29 - (0 + -3 + 22 + -15).
29
What is -8 + 5 - (4 + -9 - 5)?
7
(23 - (-8 - (-9 - 7))) + -5
10
What is -31 + (60 - 20 - 20)?
-11
Calculate -159 + 148 - (-7 + 1).
-5
What is the value of -9 - (7 - (8 + 2 - 8))?
-14
What is the value of -8 + (-8 - -13) - (-10 - -2)?
5
4 + 3 - (4 + 5 + -11 + 7)
2
Evaluate 5 - 2 - (-45 - (54 + -96)).
6
What is the value of (5 - (-31 + 46)) + 27?
17
(-63 - -44) + (-6 - (3 + -6)) + -6
-28
What is 12 + 0 + 8 + -30 + 18?
8
What is -43 + -36 + 34 + 43?
-2
What is the value of -7 + 7 - -13 - 0?
13
What is the value of -18 - ((-5 - 0) + 6 + 0 + -3)?
-16
Calculate (-287 - -283) + 8 + 1.
5
What is the value of -7 - -2 - -10 - (17 - 23)?
11
What is 16 + (-9 - (13 - 9))?
3
What is the value of -10 + 30 + (-6 - -1) - (-1 - -5)?
11
Evaluate (-3 - -1) + -60 + 63 + (-1 - 7).
-7
(6 - 0) + (71 - 68)
9
What is the value of (-31 + 4 - -19) + 0?
-8
What is the value of (10 + -5 + -10 - -1 - 6) + -1?
-11
Evaluate (23 - 32) + 29 - 23 - (-34 - 1).
32
Evaluate 2 - 28 - (-58 + 50).
-18
Evaluate 12 + ((12 - 6) + (9 - 21) - 0).
6
1 - (7 - (9 + -9 + 6))
0
34 + (1 - 18) - 20
-3
What is the value of (0 + 2 - (294 - 264)) + -1 + 9?
-20
What is -31 + 8 - -11 - (-5 - (1 + -3))?
-9
Calculate 24 - (14 - (-1 - -1)).
10
What is the value of -33 + 27 + 17 + -3 + -5 - 19?
-16
What is (1 - 3 - 0 - (-1 + -13)) + 1?
13
What is 15 - (-6 + -5 + (28 - 5))?
3
What is the value of -25 + (-14 + 12 - -32)?
5
Calculate (14 + -5 - 15 - -18) + (-29 - 15).
-32
-7 + 1 + 4 + -5
-7
-8 - (-32 + 16) - 21
-13
What is -18 - (-10 - (-18 + 31))?
5
What is the value of -4 + (-12 - -24) + (-6 - 0)?
2
Evaluate 5 + -1 + -11 - (0 + -2).
-5
Evaluate (-29 - (37 - 30)) + 70.
34
Evaluate (0 - 1) + 9 - (-7 + 2).
13
(2 - 10) + 9 + (-29 - -16)
-12
5 - ((4 - 5) + 18 + -9)
-3
Calculate -4 - (-9 + 6) - (-7 + -3).
9
Evaluate 0 + -1 + -7 - (-124 + 113) - 35.
-32
Calculate 14 + -11 + 5 - 3.
5
What is (-16 - -10) + 2 + -3 + -12?
-19
8 + -13 + (26 - -10)
31
Calculate 31 - 44 - (1 + (-3 + -1 - -2)).
-12
-3 - -10 - (17 - (0 - -9))
-1
Evaluate (-8 - -4) + 18 + 20.
34
Calculate 6 + (-29 + 16 - -5).
-2
What is the value of -16 + 19 + (6 - 9)?
0
Evaluate -5 - (-27 - ((-6 - 8) + 11)).
19
(48 + -35 - (-1 + -1)) + 1
16
Calculate 2 - (-51 + 17) - 11.
25
What is 8 + -6 - (-62 - -55)?
9
Evaluate -7 + -11 + (5 - 4 - -2 - -3).
-12
Evaluate 1 + (-8 - (-1 - 6)) + -8.
-8
Calculate -39 - (27 + -12 - 45).
-9
Evaluate 20 + -35 - -13 - -13.
11
-16 - (18 + (8 + 2 - 18))
-26
What is the value of 8 - -1 - (-23 + (33 - 4))?
3
-11 - (-21 + 4 + 17)
-11
What is -2 - (17 - 21 - -18)?
-16
What is the value of 141 + -149 +